the greatest common factor of 28 and 1526?
14
What is the greatest common factor of 432 and 11448?
216
What is the highest common divisor of 178 and 1157?
89
Calculate the highest common divisor of 319 and 203.
29
Calculate the greatest common factor of 24 and 648.
24
What is the highest common factor of 43 and 11008?
43
Calculate the highest common divisor of 35 and 25.
5
Calculate the highest common factor of 258 and 6.
6
What is the highest common divisor of 5136 and 96?
48
What is the greatest common factor of 18 and 150?
6
Calculate the greatest common divisor of 150 and 100.
50
What is the greatest common divisor of 9 and 1254?
3
Calculate the greatest common divisor of 17 and 4046.
17
Calculate the greatest common divisor of 34 and 340.
34
Calculate the highest common factor of 63 and 6.
3
Calculate the highest common factor of 18 and 126.
18
What is the highest common factor of 1832 and 56?
8
What is the greatest common factor of 216 and 600?
24
Calculate the greatest common divisor of 12 and 15348.
12
What is the greatest common factor of 6465 and 15?
15
Calculate the highest common factor of 2950 and 200.
50
What is the highest common divisor of 12 and 192?
12
Calculate the greatest common factor of 2912 and 40.
8
Calculate the greatest common divisor of 476 and 32606.
238
Calculate the greatest common factor of 1024 and 32.
32
What is the highest common factor of 594 and 33?
33
Calculate the highest common factor of 24 and 1412.
4
What is the greatest common factor of 3322 and 44?
22
Calculate the highest common divisor of 752 and 16.
16
Calculate the highest common divisor of 150 and 50.
50
Calculate the highest common divisor of 336 and 14.
14
Calculate the greatest common factor of 56 and 9100.
28
Calculate the greatest common divisor of 429 and 99.
33
Calculate the greatest common factor of 16 and 1304.
8
Calculate the greatest common divisor of 5 and 5645.
5
What is the highest common factor of 33 and 15?
3
What is the greatest common divisor of 228 and 418?
38
Calculate the highest common factor of 3387 and 3.
3
What is the highest common divisor of 3266 and 71?
71
Calculate the greatest common divisor of 99 and 4323.
33
What is the greatest common divisor of 15652 and 56?
28
Calculate the highest common divisor of 57 and 7429.
19
What is the greatest common factor of 6554 and 174?
58
Calculate the highest common factor of 14190 and 30.
30
Calculate the highest common divisor of 14252 and 70.
14
Calculate the greatest common divisor of 1643 and 159.
53
What is the greatest common divisor of 18 and 63?
9
Calculate the highest common divisor of 15 and 405.
15
Calculate the highest common divisor of 13 and 20527.
13
Calculate the greatest common divisor of 20 and 380.
20
Calculate the greatest common divisor of 793 and 244.
61
Calculate the greatest common factor of 46 and 6854.
46
What is the highest common divisor of 7738 and 292?
146
Calculate the greatest common divisor of 105 and 189.
21
What is the greatest common factor of 630 and 130?
10
What is the highest common divisor of 285 and 29?
1
What is the greatest common divisor of 9 and 48?
3
Calculate the greatest common divisor of 775 and 25.
25
Calculate the greatest common divisor of 92 and 368.
92
Calculate the greatest common divisor of 299 and 13.
13
Calculate the highest common factor of 30 and 140.
10
What is the greatest common factor of 92 and 1748?
92
What is the highest common factor of 957 and 264?
33
What is the highest common factor of 102 and 1887?
51
Calculate the highest common divisor of 18906 and 137.
137
What is the highest common divisor of 9 and 243?
9
What is the highest common divisor of 80 and 512?
16
Calculate the highest common divisor of 67 and 1474.
67
What is the greatest common divisor of 171 and 7011?
171
Calculate the greatest common divisor of 36 and 387.
9
Calculate the highest common factor of 84 and 1071.
21
Calculate the highest common divisor of 224 and 608.
32
What is the highest common divisor of 504 and 272?
8
What is the greatest common divisor of 28 and 50960?
28
Calculate the highest common factor of 128 and 7744.
64
Calculate the highest common factor of 1760 and 110.
110
Calculate the highest common factor of 50 and 520.
10
What is the highest common factor of 43 and 1075?
43
Calculate the greatest common factor of 7 and 567.
7
What is the highest common factor of 532 and 56?
28
What is the greatest common divisor of 228 and 162?
6
Calculate the highest common divisor of 48 and 8608.
16
What is the highest common divisor of 16599 and 33?
33
What is the greatest common factor of 336 and 1428?
84
What is the greatest common factor of 129 and 12?
3
What is the highest common divisor of 111 and 6?
3
What is the greatest common factor of 1417 and 26?
13
Calculate the highest common factor of 136 and 72.
8
Calculate the highest common factor of 1280 and 20.
20
What is the greatest common factor of 32 and 12968?
8
What is the greatest common factor of 62 and 2?
2
What is the greatest common divisor of 28 and 602?
14
What is the greatest common factor of 1904 and 153?
17
What is the greatest common divisor of 470 and 130?
10
Calculate the highest common factor of 9885 and 15.
15
What is the greatest common factor of 280 and 56?
56
What is the highest common divisor of 95 and 1159?
19
Calculate the greatest common factor of 147 and 6.
3
What is the highest common factor of 234 and 62946?
234
What is the highest common factor of 23 and 529?
23
Calculate the greatest common factor of 36 and 2172.
12
What is the greatest common divisor of 11 and 605?
11
What is the highest common factor of 53 and 10123?
53
Calculate the greatest common divisor of 163 and 6031.
163
What is the highest common factor of 26 and 4966?
26
What is the highest common divisor of 390 and 525?
15
Calculate the greatest common divisor of 2451 and 57.
57
Calculate the greatest common divisor of 20 and 4410.
10
Calculate the greatest common divisor of 115 and 90.
5
Calculate the greatest common divisor of 168 and 2814.
42
Calculate the highest common divisor of 7 and 1764.
7
Calculate the highest common factor of 24 and 304.
8
Calculate the highest common factor of 20 and 895.
5
What is the greatest common factor of 15824 and 43?
43
Calculate the greatest common factor of 9 and 117.
9
Calculate the highest common factor of 92 and 23.
23
What is the greatest common divisor of 11728 and 16?
16
What is the highest common factor of 896 and 28?
28
What is the greatest common divisor of 12 and 76?
4
What is the highest common factor of 8 and 102?
2
What is the highest common divisor of 21 and 21?
21
Calculate the highest common divisor of 45 and 210.
15
Calculate the highest common factor of 44 and 77.
11
Calculate the greatest common divisor of 25 and 325.
25
What is the greatest common factor of 29276 and 52?
52
What is the greatest common divisor of 18 and 948?
6
What is the highest common factor of 4927 and 13?
13
What is the greatest common divisor of 792 and 72?
72
What is the greatest common factor of 29 and 290?
29
Calculate the highest common factor of 236 and 7729.
59
Calculate the highest common factor of 8519 and 7.
7
Calculate the greatest common factor of 407 and 11.
11
Calculate the greatest common factor of 11280 and 1320.
120
What is the greatest common factor of 1310 and 40?
10
What is the greatest common divisor of 424 and 216?
8
What is the highest common divisor of 16 and 6?
2
What is the greatest common divisor of 1177 and 1391?
107
Calculate the highest common factor of 11666 and 76.
38
Calculate the highest common divisor of 54 and 32.
2
What is the greatest common divisor of 1819 and 51?
17
Calculate the greatest common factor of 138 and 184.
46
What is the greatest common divisor of 1863 and 18?
9
What is the greatest common divisor of 1290 and 210?
30
What is the highest common divisor of 3350 and 268?
134
What is the highest common divisor of 244 and 183?
61
What is the greatest common factor of 11218 and 284?
142
Calculate the highest common factor of 144 and 12.
12
Calculate the highest common factor of 14 and 1323.
7
Calculate the greatest common factor of 36 and 126.
18
What is the greatest common factor of 29 and 261?
29
What is the highe